008775?
3, 5, 97, 227, 743
List the prime factors of 2007563011.
2851, 704161
What are the prime factors of 197283073?
13, 15175621
What are the prime factors of 960719768?
2, 120089971
List the prime factors of 40981310.
2, 5, 4098131
What are the prime factors of 156515547?
3, 52171849
What are the prime factors of 2982338017?
20549, 145133
What are the prime factors of 123102246?
2, 3, 20517041
List the prime factors of 320432332.
2, 11, 73, 99761
List the prime factors of 474557031.
3, 13, 647, 6269
List the prime factors of 301690094.
2, 19, 7939213
What are the prime factors of 4481342041?
11, 47, 8667973
List the prime factors of 369871019.
7, 52838717
What are the prime factors of 111764199?
3, 23, 179, 9049
What are the prime factors of 1822795?
5, 13, 29, 967
List the prime factors of 148910724.
2, 3, 197, 2333
List the prime factors of 111140133.
3, 13, 113, 25219
List the prime factors of 295136647.
13, 31, 739, 991
List the prime factors of 130199.
130199
List the prime factors of 304173897.
3, 101391299
List the prime factors of 2395570512.
2, 3, 49907719
List the prime factors of 9343632.
2, 3, 194659
List the prime factors of 1726657154.
2, 503, 1716359
What are the prime factors of 116234197?
647, 179651
List the prime factors of 180892909.
180892909
What are the prime factors of 112027325?
5, 19, 12413
List the prime factors of 210583645.
5, 29, 1452301
List the prime factors of 131891315.
5, 23, 1146881
What are the prime factors of 10189051?
10189051
What are the prime factors of 5244207006?
2, 3, 53, 491, 33587
List the prime factors of 44440863.
3, 14813621
List the prime factors of 29261112.
2, 3, 1219213
List the prime factors of 375876546.
2, 3, 181, 346111
What are the prime factors of 138856812?
2, 3, 31, 12041
List the prime factors of 16807601.
16807601
List the prime factors of 1219885311.
3, 406628437
What are the prime factors of 191011708?
2, 31, 941, 1637
List the prime factors of 67454569.
7, 13, 151, 4909
What are the prime factors of 132958382?
2, 66479191
What are the prime factors of 905702270?
2, 5, 11, 71, 89, 1303
What are the prime factors of 573205964?
2, 143301491
List the prime factors of 351086692.
2, 11, 7979243
What are the prime factors of 3759971107?
17, 221174771
List the prime factors of 308098263.
3, 11, 9336311
List the prime factors of 7718084668.
2, 7, 193, 373, 547
What are the prime factors of 288344760?
2, 3, 5, 11, 19, 11497
What are the prime factors of 492440825?
5, 19697633
What are the prime factors of 67228940?
2, 5, 3361447
List the prime factors of 199013463.
3, 11, 47, 53, 269
List the prime factors of 130745339.
421, 310559
What are the prime factors of 1118968797?
3, 5153, 72383
What are the prime factors of 167575640?
2, 5, 739, 5669
What are the prime factors of 19235374?
2, 61, 157667
List the prime factors of 23472171.
3, 37, 70487
List the prime factors of 51611442.
2, 3, 8601907
What are the prime factors of 117182228?
2, 73, 401309
List the prime factors of 157869012.
2, 3, 7, 911, 2063
What are the prime factors of 389029235?
5, 7, 71, 89, 1759
List the prime factors of 5490673663.
5490673663
List the prime factors of 1112827541.
7, 941, 168943
List the prime factors of 3279683781.
3, 11, 23, 31, 97, 479
List the prime factors of 39485616.
2, 3, 337, 2441
What are the prime factors of 14819380?
2, 5, 740969
What are the prime factors of 23634006?
2, 3, 11, 433, 827
What are the prime factors of 547372893?
3, 10007, 18233
What are the prime factors of 83731827?
3, 173, 161333
List the prime factors of 34171043.
1279, 26717
What are the prime factors of 5242381?
5242381
List the prime factors of 560237022.
2, 3, 29, 31, 89, 389
What are the prime factors of 1698805089?
3, 4871, 12917
What are the prime factors of 28010014?
2, 59, 237373
What are the prime factors of 919572152?
2, 3581, 32099
What are the prime factors of 9968167?
11, 906197
List the prime factors of 3435216954.
2, 3, 13, 853, 51631
What are the prime factors of 103910221?
19, 431, 12689
List the prime factors of 542137122.
2, 3, 30118729
List the prime factors of 2818260963.
3, 7, 191, 234211
List the prime factors of 768683152.
2, 17, 19, 59, 2521
List the prime factors of 164290796.
2, 19, 89, 107, 227
What are the prime factors of 1500681530?
2, 5, 127, 139, 8501
List the prime factors of 1219221653.
13, 401, 233881
List the prime factors of 1914250072.
2, 7, 23, 619
What are the prime factors of 737241874?
2, 167, 2207311
What are the prime factors of 1429287858?
2, 3, 181, 438701
List the prime factors of 51973561.
51973561
List the prime factors of 126354769.
19, 29, 43, 5333
List the prime factors of 1998718270.
2, 5, 107, 233, 8017
List the prime factors of 78720732.
2, 3, 29, 75403
List the prime factors of 60181727.
41, 197, 7451
What are the prime factors of 58553063?
58553063
List the prime factors of 1012838352.
2, 3, 181, 116579
List the prime factors of 6074254737.
3, 73, 9245441
List the prime factors of 1773906751.
211, 8407141
List the prime factors of 753803276.
2, 188450819
List the prime factors of 2776838905.
5, 17, 32668693
List the prime factors of 856877680.
2, 5, 47, 227893
List the prime factors of 4668108183.
3, 17, 79, 467, 827
List the prime factors of 20487342.
2, 3, 23, 31, 4789
What are the prime factors of 652346612?
2, 349, 467297
What are the prime factors of 59989935?
3, 5, 19, 210491
What are the prime factors of 940975739?
11, 761, 929
List the prime factors of 43128722.
2, 7, 13, 97, 349
What are the prime factors of 1248731900?
2, 5, 13, 653, 1471
What are the prime factors of 652053113?
10663, 61151
What are the prime factors of 2715102866?
2, 7, 103, 233, 8081
List the prime factors of 282267849.
3, 3559, 26437
What are the prime factors of 184364627?
3137, 58771
What are the prime factors of 7040597?
7040597
List the prime factors of 137123424.
2, 3, 23, 127, 163
What are the prime factors of 36784592?
2, 13, 176849
List the prime factors of 185333424.
2, 3, 3861113
What are the prime factors of 2264984358?
2, 3, 7, 13, 17, 239, 1021
What are the prime factors of 382976895?
3, 5, 7, 349, 1493
List the prime factors of 71629893.
3, 179, 14821
List the prime factors of 21252485.
5, 941, 4517
List the prime factors of 1898699.
11, 101, 1709
What are the prime factors of 64118438?
2, 32059219
List the prime factors of 1970191217.
17, 2647, 43783
What are the prime factors of 134519563?
19, 7079977
List the prime factors of 1880838638.
2, 7, 4219, 4549
What are the prime factors of 2920080018?
2, 3, 19, 853, 30029
List the prime factors of 34232169.
3, 17, 671219
List the prime factors of 100239249.
3, 11, 113, 26881
List the prime factors of 2750314894.
2, 11311, 121577
List the prime factors of 4837067828.
2, 1429, 846233
What are the prime factors of 952250981?
11, 37, 2339683
What are the prime factors of 26551071?
3, 181, 1811
List the prime factors of 1917448096.
2, 47, 1274899
What are the prime factors of 1546354382?
2, 21187, 36493
What are the prime factors of 2141049710?
2, 5, 214104971
What are the prime factors of 4361912651?
4361912651
What are the prime factors of 660534922?
2, 859, 384479
What are the prime factors of 2266715745?
3, 5, 7, 114221
List the prime factors of 3056369672.
2, 382046209
List the prime factors of 35730055.
5, 709, 10079
What are the prime factors of 2454224909?
7043, 348463
List the prime factors of 45506012.
2, 53, 214651
List the prime factors of 8255.
5, 13, 127
What are the prime factors of 3881362209?
3, 1293787403
What are the prime factors of 333270614?
2, 166635307
List the prime factors of 341517079.
29, 79, 149069
What are the prime factors of 16652619?
3, 193, 9587
What are the prime factors of 1133855663?
1133855663
List the prime factors of 112253225.
5, 7, 23, 167
What are the prime factors of 581383696?
2, 23, 149, 461
List the prime factors of 642409453.
7, 13110397
List the prime factors of 777505047.
3, 11, 17, 397, 3491
What are the prime factors of 3211607284?
2, 802901821
List the prime factors of 59469612.
2, 3, 4955801
List the prime factors of 14841433.
661, 22453
List the prime factors of 6967298.
2, 13, 23, 61, 191
List the prime factors of 152384558.
2, 101, 754379
List the prime factors of 